-2
Calculate 0 + -8 + (9 - (10 - 10)) - 1.
0
Calculate -31 - ((10 + -3 - 20) + 4).
-22
-45 - -4 - (96 - 129)
-8
Calculate -20 + 38 + -12 + 10 - 13.
3
Calculate -4 - (-1 + 0 + -2) - -2 - -12.
13
What is the value of -1 - (40 - 33 - (2 - -11))?
5
(22 - 19) + -12 + 0 - -6 - -13
10
-14 + 1 + 5 + -8 + 10
-6
(-1 - 7) + 6 + -11 + (-8 - -7)
-14
What is 2788 - 2774 - (0 + -21)?
35
Calculate 3 - (-16 + (-2 - 6 - -15)).
12
What is the value of 63 + -49 - (24 - 7) - (3 + 0)?
-6
What is the value of -15 - (5 - 17) - -18 - 26?
-11
What is -5 - (29 - 27) - (2 - 10)?
1
Evaluate (27 - 57) + -13 + 9 + 5.
-29
Evaluate 17 - (16 + 4 + -11).
8
Evaluate -9 - (9 + 4) - -14 - 2.
-10
What is -14 - (-11 + 6) - (-39 + 22)?
8
-3 + 3 + 30 + (-28 - (8 - 31))
25
Evaluate -2 + 2 - (-21 + 12).
9
Calculate -4 + (20 - (22 - 6)).
0
2 + (-111 - -107) + 1 + -6 + 2
-5
What is 7 + -9 + -8 + 20?
10
Evaluate 4 - (-22 - -29 - (4 - 3)).
-2
1 + -3 + 6 + -26 + 28 - -4
10
(6 - 1) + 7 + -2 + 43 + -56
-3
Calculate 3 + (6 - ((5 - -1) + -1 - 0)).
4
Calculate (6 - -1) + -8 - 4.
-5
What is the value of 17 + -24 - -27 - 10?
10
(10 - 36 - -71 - 20) + 0 + -7
18
What is 1 + 0 + 13 + -17?
-3
What is -4 + (-5 + 4 + (10 - 2) - 17)?
-14
Evaluate 4 + -3 + 4 + 14 + 6.
25
Calculate 18 - (-1 - -13) - (-2 + 4).
4
Calculate -34 + 1 - (565 + -583).
-15
What is (-19 - (7 - (4 - -6))) + (-1 - -6)?
-11
What is the value of (-1 + 2 - -4 - -1) + 91 + -86?
11
Calculate 0 + -19 + (6 - 5) + 14.
-4
Evaluate -42 + (1 - -58) - 16.
1
What is 10 - (3 + 25) - (-23 - 12)?
17
Calculate 1 - -2 - 1 - (170 - 179).
11
Evaluate 4 + (-3 + -37 - -23).
-13
What is the value of (-1 - (12 - 15)) + 25 + (1 - -4)?
32
Calculate (-133 - -141) + (-17 - -13) + (-3 - -1).
2
What is the value of -59 + (-34 + 92 - 10)?
-11
Evaluate -16 + (-5 - -10) - -3 - 13.
-21
Evaluate -8 + (0 + 1 - (-46 - -44)).
-5
Calculate 12 + -4 - (9 + -12) - -2.
13
Calculate 14 + -57 + 68 - (21 + -1).
5
Evaluate 13 + -4 + (1 + 7 + -1 - 3).
13
Evaluate 0 + 0 + (1 - (12 + -10)).
-1
Calculate -1 - -34 - (-1850 - -1860).
23
Calculate (-1 - (8 - (-1 + 5))) + -20.
-25
Calculate 2 + (-11 - 21) + 19.
-11
What is (-3 - 6) + 9 - 15?
-15
What is (8 - (-15 + 19)) + 2 + -8?
-2
57 - 47 - (41 + 2)
-33
What is 14 + (-17 - 8) + 7?
-4
Calculate -8 + (53 - 48 - (11 + 0)).
-14
What is 1 + -16 - (16 - 17)?
-14
Evaluate 24 + 1 - (-1110 - -1119).
16
Calculate 9 + (10 + -4 + -5 - (-1 + -1)).
12
Calculate (-8 - (10 - 17)) + -3.
-4
-1 + -6 - (3 + 2 + (-7 - 11))
6
Calculate 2 + (5 + -8 - -2 - 5) - -14.
10
What is 37 - -2 - (1241 + -1243)?
41
What is -15 - (13 + -31) - 3?
0
Evaluate -29 + 11 + -5 + 7 + -14.
-30
(10 - 9) + 3 + 3 + -2
5
Calculate 117 + -134 + (5 - -2).
-10
What is the value of (-16 + 5 - (26 - 17)) + -9?
-29
Evaluate 2 + -7 - (-23 + 22 + -8).
4
What is -13 + 3 + (49 - 26)?
13
What is the value of (1 - 5) + (7 - -2) + 25 + 2?
32
What is (6 - 4 - -3) + (-178 - -171)?
-2
Evaluate -5 + -17 + (-28 - -56).
6
What is (-1 - -4) + (1 - (-4 - -11))?
-3
What is 8 + -15 + 0 + 3 + 13?
9
Evaluate -1 + -5 + -1 + 7 + -14.
-14
What is the value of 19 + (-9 - 1 - (-1 + -17 + 13))?
14
What is the value of 43 - 12 - 12 - (5 + -7)?
21
What is 1 + -1 + -12 + (-39 - -59) + -22?
-14
What is the value of (-15 - -25) + (-10 - (4 - 6) - -3)?
5
What is the value of 0 + -13 + (-30 - -10 - -42)?
9
What is -1 + -25 - (-6 - (-15 - (-20 + 9)))?
-24
Evaluate (-8 + (4 - 2) - -6 - 3) + 7.
4
Calculate -9 + 23 + -11 + (2 - -1) + 19.
25
(-45 - -32) + 2 + 9 + -1 + -17
-20
Calculate 14 - -12 - (89 + -89).
26
Calculate -1 - 0 - (-14 - (-13 + -2 - 3)).
-5
-27 + (-10 - -15 - -24)
2
-5 + (-12 + (-4 - -8) - -5) + -6
-14
Calculate -29 + (5 - 0) + 18 + -5.
-11
What is the value of -37 - (-36 - 20) - -14?
33
Calculate -12 + (7 - 6) + 12 - 20.
-19
16 + -42 - -19 - (-1 + -12)
6
Calculate -19 + 6 - -10 - (-1 + 2).
-4
64 + -52 + (1 - 2)
11
(-91 - -86) + (-11 + 0 + -2 - -1)
-17
Evaluate -29 + -12 + 20 - -7.
-14
What is (-7 - (5 - 5)) + (-72 - -91)?
12
Calculate -29 + 36 - (0 + -3).
10
Calculate -11 + -13 + (16 - -2).
-6
(-1 - (-8 + -2 + 9 - 5)) + 3
8
What is the value of -3 - ((-7 - -8) + 9 + (0 - 1))?
-12
What is (585 - 595) + (1 + (0 - -2) - 26)?
-33
Calculate (-13 - -1) + (3 - (39 + -23)).
-25
What is (-3 - -18) + (-14 - -28) + 3 + -8?
24
Calculate 40 + (2 - (-16 - -21)) + -8.
29
6 + 0 - ((-38 - -24) + (2 - -2))
16
What is the value of 1 - (-10 + 6 + 3 - -9)?
-7
Calculate 1 + -9 + -1 + -44 + 53 + -21.
-21
Calculate -10 + 15 + -21 - -38.
22
Evaluate 38 + -19 + (-4 - 1 - -18).
32
Evaluate (7 - 23 - -16) + 0.
0
What is (1 - 4 - (15 - 10 - -1)) + 34?
25
Evaluate (250 - 273) + 1 + 12.
-10
What is 9 - (18 - (0 - (3 - -6)))?
-18
Calculate (7 - (29 - (-6 + 15))) + 12.
-1
Calculate -1 + 8 + 0 + (-9 + 11 - 9).
0
What is 15 + (-10 + 0 - (-18 + 19 + -7))?
11
Calculate 1 + 10 + -14 + 11 + -6 + 13.
15
What is 14 + -7 - (-2 + 4 + 2 + -7)?
10
-3 + 1 - (817 - 824)
5
Calculate -17 + (15 - 5) + -7 - -14.
0
Calculate (-2 - -1) + (-126 - -132) - (7 + 1).
-3
What is 17 + (1 - -12) + -39?
-9
Calculate 3 + (-3 - -6 - 17) + 5 - -11.
5
What is the value of 10 - (-3 + 8 - -3 - 6 - -36)?
-28
Evaluate -21 + 17 - (51 + -38 + -5 + 0).
-12
What is the value of -17 - -6 - (2 - (2 - -2))?
-9
Calculate (-6 - 12) + (5 - (-5 - -4 - 0)).
-12
What is 139 - 124 - (40 - 6)?
-19
Calculate -26 - (-36 + 1 + 6).
3
Evaluate (-7 - (19 + -17 + 4)) + -12.
-25
2 + (0 + 1 - (-15 + 7))
11
-22 + -2 - ((4 - 5) + -8 - -1)
-16
What is -48 + -33 + 29 + 41?
-11
What is the value of 0 - 0 - (-26 + 37 - 8)?
-3
What is the value of 12 + -5 + -11 + -2?
-6
12 + -2 - (-15 + (-25 - -59))
-9
What is the value of -11 - 0 - -14 - (-11 - -18)?
-4
What is -8 - -6 - ((11 - 4) + (2 - -1))?
-12
Evaluate -18 + 15 + 29 - 25.
1
What is 8 + -2 - (-321 + 333)?
-6
What is the value of -15 + 43 + -25 - (1 - (-26 + 2))?
-22
What is the value of -7 - (-4 - (-3 - 11)) - (-1 + -3)?
-13
What is 26 + 4 + (11 + -7 - 12) - 7?
15
Calculate -13 + (-11 - ((-3 + -7 - -5) + 2)).
-21
(-1 - 5) + (25 - 26)
-7
What is -3 + -5 + 18 + 1 + -15?
-4
Calculate (0 - -11) + (289 - 318).
-18
What is 12 - (4 - (1 + 1) - (-22 - -33))?
21
Calculate -4 + -13 - -42 - 4.
21
What is 8 + 8 + -12 + (11 - 5)?
10
What is the value of 9 + 3 + 5 + -12?
5
Calculate 39 - 9 - (1 - -6) - -9.
32
What is (-12 - -10) + -2 + 17?
13
Evaluate 24 - (35 + (-49 - 1)).
39
Evaluate 6 + (4 + 0 - (-56 + 62)).
4
Evaluate 8 + (1 - 6) + (0 - -10).
13
What is the value of (22 - (11 + -16 + 13)) + -30?
-16
Calculate 6 - (2 + -2) - (181 + -196).
21
What is the value of 27 + -31 + 6 + -2?
0
What is the value of (-11 - (-1 + 1 + -4)) + (22 - -22)?
37
-41 + 21 + -19 + 14
-25
Evaluate 0 + -1 + 3 - (22 + -6 + -8).
-6
Calculate -2 + (12 - -9 - (9 + -4)).
14
0 + -7 - ((10 - (1 - -6)) + -9)
-1
Calculate 15 + (-7 - (-9 - 0)).
17
Calculate 8 + -19 + (22 - 9).
2
What is -121 + 130 + 5 + 2 + (0 - 4)?
12
Evaluate 37 + -13 + -18 + -37.
-31
What is 3 + (12 - 1) + -17 + -4?
-7
What is 34 - (-29 + 49 + 26)?
-12
5 + (45 - 44) - (-2 - 12)
20
-1 + -4 + -1 + (0 - -5)
-1
-3 - (-9 - (15 - (-6 + -1 + -1)))
29
Evaluate (18 - -40) + -37 - 32.
-11
What is -11 - (-1 - -2) - (35 - (34 + 6))?
-7
What is the value of -13 + (-7 - -10) - (7 + 7 - 3)?
-21
What is the value of 0 + 25 + -1 - (29 + 67 + -98)?
26
What is the value of (-6 - (30 + 4)) + 16?
-24
What is -1 - (0 + -6 - ((-3 - -2) + 12))?
16
(5 - -2 - -2) + (-22 - -1 - -6)
-6
What is the value of (3 - 6) + -6 + 4 + 3 + 1?
-1
What is the value of (-3 - 12 - -9) + 17?
11
Evaluate -2 - (5 + -4) - (6 - 10 - -1).
0
What is the value of (-76 + 90 - 16) + (14 - 0)?
12
-6 - (2 + -6 + (-1 - 3) + 1)
1
Calculate 15 + -9 - (-1 - -1).
6
Calculate (13 - 2) + 74 + -86.
-1
Calculate (-9 - -14) + 6 + (14 - (1 + 4)).
20
Evaluate -1 + (2 - 1) + 2 + (1 - 0).
3
What is the value of 19 + (-1 - 0) - (22 + 10 + -26)?
12
Calculate -7 + (5 - (9 - 2)) - -3.
-6
What is the value of (2 - -6) + -8 - 13?
-13
-2 + 0 + 0 + 14 + -6
6
What is (10 - (6 + 0 - (8 - -6))) + -6?
12
1 + (-41 - -14 - 3)
-29
What is the value of -317 - -338 - (3 - (7 - -2))?
27
Calculate (-99 - -87 - (-9 - 2)) + -1 + 1.
-1
Evaluate -1 - 15 - -19 - 11.
-8
Calculate -3 - 18 - 1 - (322 - 330).
-14
Evaluate 7 - ((-11 - (9 + -24)) + -13 + 2).
14
-6 + 13 - -3 - ((3 - -1) + -5)
11
Evaluate (-104 - -112) + (-